(-12)?
2
Let q(a) = a**2 - a. Let f(o) = -13*o. Let b(m) = -f(m) - 2*q(m). What is the units digit of b(7)?
7
Let n be (-60)/75 + (-488)/(-10). Suppose -4*y + 144 + n = 0. What is the units digit of y?
8
Suppose 0 = 4*x + 5*i - 13, 3*x + 0*x - 3*i = 3. Let j = x - -24. Suppose h + 4*y = j, 6*h - y = h + 109. What is the tens digit of h?
2
Suppose 6*i + 18979 = 5*g, -3*g + 11386 = -21*i + 16*i. What is the hundreds digit of g?
7
Suppose 2*y - b = 2801, -4*b = 2*y - b - 2797. What is the tens digit of y?
0
Let z = -36 - -36. Suppose -2*l + 264 + 192 = z. What is the tens digit of l?
2
Suppose -5*p + 1449 = 2*q + 83, p = -3*q + 2023. What is the hundreds digit of q?
6
Let r(h) = 108*h - 32. What is the units digit of r(3)?
2
Suppose -19*j + 15*j - 320 = 0. Let f = -56 - j. What is the units digit of f?
4
Let q = -310 + 615. What is the tens digit of q?
0
Suppose g = 5*y + 4, -2*g - 5*y = -0*g - 8. Let z be (-4 + 1)*(-2 + 1). Suppose -s - z*n + 69 = 0, -n + 77 = s + g*n. What is the tens digit of s?
5
Let j = 316 + -272. What is the units digit of j?
4
Let c be 16/14*(-28)/(-8). Suppose h + 0*h - b = 8, 4*b - 32 = -c*h. What is the units digit of h?
8
Let w(p) be the first derivative of -4*p - 3*p**3 - 1/4*p**4 - p**2 + 3. What is the tens digit of w(-9)?
1
Let v be (0/(-1))/(-25 - -31). Let c be (-2)/(-6) - 79/3. What is the tens digit of (-13)/c*(v - -24)?
1
Suppose 5*y = 5*n + 285, -4 + 10 = 2*n. Suppose 4*c - y + 12 = 0. What is the tens digit of c?
1
Suppose -t - 1 = 1. Let k(z) = 2*z**2 + z - 2. Let p be k(t). Suppose 5*j + p + 6 = 0, 0 = -5*d + 2*j + 114. What is the tens digit of d?
2
Let t(s) = 2*s**2 - 29*s + 59. What is the units digit of t(21)?
2
Let g(b) be the third derivative of 1/120*b**6 + 0*b + 2/3*b**3 + 3*b**2 + 0 - 1/20*b**5 - 7/24*b**4. What is the units digit of g(6)?
0
Suppose 0 = 2*w - 5*p - 1705, 3*w + 5*p = -0*w + 2495. Suppose 5*s + 260 - w = 0. What is the hundreds digit of s?
1
Let y be (-54)/(-27)*(493 - -1). What is the units digit of y/5 - 4/(-10)?
8
Suppose -24 = -5*h - q, 2*q + 0 = -2. Suppose -h*n + 3*z + 0*z + 395 = 0, -3*n + 208 = 4*z. What is the tens digit of n?
7
Let p(y) = y**3 + 17*y**2 - 20*y + 17. Let r be p(-17). Let z = r - 139. What is the tens digit of z?
1
Let t = -523 + 1046. What is the tens digit of t?
2
Let k(d) = -d + 7. Let j be k(4). Suppose 2*a - 177 + 39 = 4*r, 0 = -a + j*r + 73. What is the tens digit of a?
6
Let r = -398 - -696. What is the units digit of r?
8
Let g(c) = -49 + 105 - 54 + 5*c - 2*c**3 - 3*c - c**2. What is the tens digit of g(-3)?
4
Let v be 3 + 14/(-2) + 10. Suppose -v*p + 78 = -168. What is the tens digit of p?
4
Suppose -27*m - 16748 = -31*m. What is the tens digit of m?
8
Suppose g - 201 = -2*g. Suppose 4*w + 36 = -c, -4*c - w - 68 = 91. Let z = c + g. What is the tens digit of z?
2
What is the units digit of 4/(-16)*(-2196)/3?
3
Suppose 0 = l + 9 - 53. Suppose w - l = 19. Let c = -28 + w. What is the tens digit of c?
3
Let d(z) = 67*z**3 - 5*z**2 + 2*z. What is the units digit of d(2)?
0
Let b be 6 - 4 - 0/2. Let d(f) = -12 + f**2 + 3*f - b + 3*f. What is the units digit of d(-8)?
2
Suppose -5*y + 63 = -f, 2*y + 5*f - 28 = 8. Let o = 52 + y. What is the units digit of o - -4 - (0 + 3)?
6
Let u be (-3 + 16)*(-30 + -3). What is the tens digit of u/(-21) - (-24)/42?
2
Let i = -1 - -5. Suppose 72 = 5*d + 3*d. Suppose i*x = -d + 81. What is the tens digit of x?
1
Let k = 2 + -1. What is the units digit of 36*((-85)/(-102) + k/2)?
8
Suppose 5*t = -c + 2896, -5*t + 3*c + 2908 = c. What is the tens digit of t?
8
Suppose 0 = -5*m - 2*p + 12 - 2, -2*p = 0. Suppose 0 = -3*c + 4*f - 28 + 322, -213 = -m*c - 3*f. What is the units digit of c?
2
Let m(i) = 3 - 5 - 4*i + 1. Let s be (-20)/8 - (-2 - 3)/(-10). What is the units digit of m(s)?
1
Let s(k) = -7*k**3 - 14*k**2 - 5*k + 16. What is the tens digit of s(-6)?
5
Suppose -3*z - 4 = -7. Let c(p) = 7*p**2 - 3*p + 2. Let x be c(z). Suppose 5*l = 4*k - 3, 0 = -x*k + k + 5*l + 10. What is the units digit of k?
7
Let n be (2/(-4) + -4)*-14. Let w = n + -9. Let g = -29 + w. What is the units digit of g?
5
Suppose a + 7*l = 8*l + 43, 10 = 2*l. What is the units digit of a?
8
Suppose 43 + 21 = h. Suppose -r - h = -3*r. What is the units digit of r?
2
Let g = -27 + 9. Let l(d) = 48*d**3 - d**2 - d. Let f be l(2). What is the tens digit of (f/g)/(0 + -1)?
2
Suppose -2*l + 5*x + 133 + 102 = 0, 2*x = -l + 104. Let h = l - 31. What is the tens digit of h?
7
Let c(y) = y**2 - 11*y + 3. Let m be 12 - (3 + (-1 - 0)). Let h be c(m). Let x = h - -10. What is the units digit of x?
3
Let j(l) = -27*l. Let m be j(-1). Let o = -490 - -489. Let t = o + m. What is the tens digit of t?
2
Let l = 23 + -19. Suppose -12 = l*o, -y + 51 = y - o. What is the tens digit of y?
2
Let u = -17 + 33. Suppose -u = -2*p - 8. What is the tens digit of p + -6 + 4 - -19?
2
Suppose p + 491 = -337. Let z be p/30 + (-2)/5. Let o = -17 - z. What is the tens digit of o?
1
Suppose -2*m + 9 = -c, 3*m + 2*c + 3 = 2*m. Let w be (m + 3)/3 + 3. Suppose w*o - 96 = 124. What is the units digit of o?
4
What is the tens digit of (18976/(-64))/(1/(-2))?
9
Let v(f) = -353*f - 36. What is the thousands digit of v(-6)?
2
Suppose 0 = -11*v - 10*v + 20034. What is the units digit of v?
4
Let w = -195 - -1930. What is the hundreds digit of w?
7
Let i(h) = -2*h**2 - 8*h + 5. Let l(z) = -z - 2. Let a be l(4). Let b be i(a). Let w = b + 23. What is the units digit of w?
4
Let w = 23 - 14. Let z be 80/6 + (-3)/w. Suppose -25 = -2*o + z. What is the tens digit of o?
1
Let h be (9 - 8)/(2/(-174)). Let q be h/(-5) - (-9)/15. What is the tens digit of (q - 3) + 1*-3?
1
Suppose q = 3*q + 4*n - 898, 0 = 4*q + n - 1768. What is the hundreds digit of q?
4
Let q(k) = 3*k - 3 + 88*k**2 - 92*k**2 + 4 + k + 2*k**3. What is the tens digit of q(3)?
3
Let i(x) = -3*x**3 + 11*x**2 + 10*x + 30. Let v(k) = -2*k**3 + 5*k**2 + 5*k + 15. Let t(j) = 3*i(j) - 5*v(j). What is the tens digit of t(-7)?
2
Suppose -y + z = 5*z - 40, 4*y - 2*z = 142. Suppose -b = -y + 1. Suppose 0 = 5*n + 4*t - 44, 5*n - 2*t = 3 + b. What is the units digit of n?
8
Suppose -5*k - 6*q + 2246 = -4*q, 1352 = 3*k - q. What is the units digit of k?
0
Let t(g) = -191*g - 22. What is the units digit of t(-2)?
0
Let n(z) = -4*z**3 - 16*z**2 + 15*z - 24. What is the units digit of n(-8)?
0
Let b = 39 + -34. Suppose 130 = b*r - 0*r. What is the units digit of r?
6
Let q be ((-92)/10)/((-9)/(-180)). Let m = q + 338. What is the units digit of m?
4
What is the units digit of (-262)/655 + 9177/5?
5
Suppose y + 379 = -3*y + z, -3*z - 367 = 4*y. Let t = 237 + y. What is the tens digit of t?
4
Let c = -803 - -1152. Suppose 4*z - c = -5*o + 200, z - 106 = 5*o. What is the tens digit of z?
3
Let q = -26 + 32. What is the tens digit of (6 + 17)/(((-7)/q)/(-7))?
3
What is the hundreds digit of (-8 + -186)/(-2) + 7?
1
Suppose 5*q + 2*f = -130 - 228, f = 1. Let a be (1/(-1))/((-6)/q). What is the tens digit of 45*(-1 + (-20)/a)?
3
Suppose z = -3*k + 297, 17*z - 594 = 15*z - 5*k. What is the tens digit of z?
9
What is the units digit of (-10)/4*(18256/20)/(-7)?
6
Suppose -n = h - 0 - 5, h = 3*n - 7. Suppose -h*l + 7 + 11 = 0. What is the units digit of l?
9
Suppose g + 5 = 0, 2*l + 3*l - 2*g + 560 = 0. Suppose 0*v = -2*v - 66. What is the tens digit of l/(-4) + v/(-22)?
3
Let l be -5 + 5 - 2/1. Let v be l/(-4)*16/(-4). What is the units digit of v*1*(-12 - 5)?
4
Let q = 16 - 15. Let f(i) = 182*i + 1. What is the units digit of f(q)?
3
Suppose 3*h = -0*h + 60. What is the units digit of (8/1*15)/(h/20)?
0
What is the tens digit of ((-77)/(-22))/((-619)/(-206) + -3)?
2
Let v = 4458 - 2163. What is the units digit of v?
5
Let z(i) = 3*i**2 - 3*i + 4. Let r be z(2). Suppose -5*t - 140 = -r*t. What is the units digit of t?
8
Suppose 25*l + 1386 = 26*l. Suppose -2*k = 5*f - 681, k + 2*f - l = -3*k. What is the hundreds digit of k?
3
Suppose 3*s = 5*c - 1785, -9*s = -2*c - 11*s + 730. What is the tens digit of c?
6
Let s = -14 - -19. Suppose -27 = -3*v - s*x, -2*v = -v + 4*x - 9. Suppose -v - 1 = -5*d, f + 5*d - 37 = 0. What is the units digit of f?
7
Let k(v) = -11*v + 3*v - 15*v**2 - 8*v + 19 + v**3. What is the units digit of k(16)?
9
Suppose 0 = 3*g - 0*g - 810.